*i - 0*i. Determine k(x).
7
Suppose -175*a - 39 = -182*a - 5*x, a = -4*x + 22. Let u(h) = -16*h**2 + 3*h - 10. Let y(r) = -5*r**2 + r - 3. Let g(s) = 2*u(s) - 7*y(s). Calculate g(a).
11
Let n = -27 + 29. Let d(o) = -5*o**3 + 8*o**2 + 8*o + 1. Let p(x) = 4*x**3 - 6*x**2 - 7*x - 1. Let h(z) = 5*d(z) + 6*p(z). Determine h(n).
3
Suppose 3*b = 2*k + 3, 4*k + 1 + 29 = -2*b. Let o(p) = 2*p**2 + 4*p - 1. Determine o(b).
5
Suppose -5*i + 11 = 3*z, 22*i - 25*i - 5 = -4*z. Let g(c) be the third derivative of c**4/6 - c**3/3 - c**2. Determine g(z).
6
Suppose 0 = 60*z + 42 + 2 + 16. Let x(a) = -a - 9. Give x(z).
-8
Suppose -1 + 5 = -2*m, -k - 2*m = -58. Let s = k + -72. Let i(q) = 2*q**2 + 21*q + 5. Let u be i(s). Let p(y) = y + 12. What is p(u)?
7
Suppose 0 = 5*h - 5*x, h - 3*h = 2*x - 8. Let u(p) = p**2 - 16*p + 6*p + 11*p - h*p**2 + 4. What is u(3)?
-2
Let c = 2777 - 2779. Let i(p) be the second derivative of -p**4/3 + p**3/6 + p**2 - 2*p. Give i(c).
-16
Let o(p) = 5*p**3 + 3*p**2 - 6*p - 5. Suppose 2385 - 2286 = 33*m. What is o(m)?
139
Suppose -69 = -3*w + 3*r, -5*w - 8*r + 6*r + 73 = 0. Let o(p) = p**3 - 16*p**2 - 16*p - 6. What is o(w)?
11
Suppose 68 = t + 87. Let f(d) = 2*d**2 + 39*d. Calculate f(t).
-19
Let p be 26/22 - (-10)/(-55). Let w(x) = 1 + 2*x**2 - 20*x + 7*x**3 + 16*x + 2*x + 0*x**2. Give w(p).
8
Let n(k) = -k**3 - 4*k**2 + 6*k + 1. Let v be ((-18)/(-24))/(3/8). Suppose -4*a - v*f - 12 = 0, 2*a + 13 = 3*f - 9. What is n(a)?
-4
Let z(h) = h - 14. Let k be z(10). Let n be (-362)/(-6) - k/(-12). Let a(d) = -26 + n - 22 - 2*d. Give a(10).
-8
Let q(t) = -24*t - 434. Let v(n) = -16*n - 280. Let g(w) = -5*q(w) + 8*v(w). Calculate g(-9).
2
Let v(p) = 37*p + 4. Let s be v(-2). Let q be 1/((-5)/s*-2). Let z(k) = -k - 8. Calculate z(q).
-1
Let q(t) be the third derivative of -t**5/60 + 5*t**4/24 - 5*t**3/6 - 327*t**2. Suppose 37*v - 15 = 32*v. Calculate q(v).
1
Let a = -3068 - -3041. Let u(r) = -r - 17. Give u(a).
10
Let g be 621/135 - (-4)/10. Let n(r) = 28*r - 17. Let l(w) = -22*w + 17. Let d(b) = -4*l(b) - 3*n(b). What is d(g)?
3
Let v(f) = -11*f**2 + 55*f + 24. Let z(i) = -46*i**2 + 228*i + 99. Let m(x) = -25*v(x) + 6*z(x). Let n(b) = b - 2. Let q be n(-3). What is m(q)?
4
Let i(v) = -54*v**2 - 2*v + 1. Suppose 5*y + 10 = 3*u, -2*u - 23 = 2*y - 7*u. Give i(y).
-55
Let d(o) be the second derivative of -o**4/12 - 14*o**3/3 - 185*o**2/2 - 234*o + 11. Give d(-17).
2
Let r = 85 - 83. Let l(v) = -r + 12*v - 20*v - 5*v**2 + 4*v - v**3. What is l(-2)?
-6
Let z(j) = -j + 13. Let g = 72 + -67. Suppose -g*s + 10 = -5. Suppose s*i = f - 3*f + 24, 4*f = -2*i + 40. Give z(f).
4
Let g = -209 - -211. Let q(b) = 48*b**2 + 6*b - 7 + b**3 + 38*b**g - 78*b**2. Calculate q(-7).
0
Let k(x) = -5 + 2*x + 2*x + 0*x + 0*x - 2*x. Suppose 2*h + h - 6 = 0, 3*n + 2*h - 49 = 0. Let g = 22 - n. Determine k(g).
9
Let a(o) = 0*o - o - 5*o - 4 - o**2. Suppose 824*y = 2580 - 7524. Calculate a(y).
-4
Let i(a) be the third derivative of 11/6*a**3 + 0*a - 1/120*a**6 + 140*a**2 + 0 - 2/15*a**5 + 1/12*a**4. Give i(-8).
-5
Let g(n) = -n**2 - 2*n + 11. Let j = -2486 - -2481. What is g(j)?
-4
Let k(w) = -1 - 2*w**2 + w**3 + 12*w**2 + 2 - 13 + 7*w. Suppose -65*s - 1 = -64*s. Let o be -9*(4 + 3/s). Give k(o).
6
Let u(a) = 5 + 84 + 16 - 114 + a. Let f = -63 + 81. What is u(f)?
9
Let f(m) = -2*m**3 + 10*m**2 - m. Let n be f(5). Let h(g) = 4*g - 9. Let v(t) = 3*t - 1. Let z(i) = -h(i) + 2*v(i). What is z(n)?
-3
Let w be ((-18)/(-21))/(1/(-7)). Let t(i) = -i**2 + 110*i + 566*i - 680*i. Calculate t(w).
-12
Suppose 91*k + 8 = 2*q + 88*k, -2*q = 2*k - 38. Let v(f) = -8*f + 127. Determine v(q).
23
Let q(u) = -13*u + 23. Let r(h) = -19*h + 34. Suppose 0 = -2*x + 5*i + 35, -23 = -3*x + 3*i + 7. Let y(z) = x*r(z) - 7*q(z). What is y(3)?
-3
Let m = -92 - -100. Suppose 0 = 29*v - m*v + 84. Let z(b) = -7*b - 6. Give z(v).
22
Let m(k) = -k - 4. Let f(d) = -d**2 - 16*d + 5*d + 44 + d. Let o be f(-12). Let t(u) = u**3 - 20*u**2 - 2*u + 29. Let i be t(o). Give m(i).
7
Let t(k) be the first derivative of 27/2*k**2 - 85 - k. Determine t(1).
26
Let n(o) = o + 3*o**3 + o**2 + 4*o**3 - 1 - 5*o**3. Let x be (1288/(-24472))/((-1)/19). What is n(x)?
3
Let b(n) be the third derivative of -n**6/120 + n**5/6 - 3*n**4/8 + 4*n**3/3 + n**2. Let m be 1410/48 - (-24)/(-64). Suppose m*t + 14*t = 387. Determine b(t).
8
Suppose 22*l + 35 = 27*l. Let c(f) = -105*f**2 + 59*f - 15. Let p(u) = -37*u**2 + 20*u - 5. Let k(i) = 6*c(i) - 17*p(i). What is k(l)?
44
Let w(a) = a**2 - 4*a - 9. Let n(c) = 164*c - 650. Let r be n(4). What is w(r)?
3
Suppose 1047 = 21*m + 1320. Let o(v) = -v**3 - 14*v**2 - 15*v - 16. Give o(m).
10
Let r(f) = -10*f - 8. Let p be r(-1). Let b(h) = 24 + 11*h - 10 - 20 - h**p. What is b(9)?
12
Let a = 4 + -15. Let h(p) = -5*p**3 + 2*p - 4. Suppose j + 102 = -16*j. Let r(x) = 9*x**3 + x**2 - 4*x + 7. Let g(m) = a*h(m) + j*r(m). Calculate g(4).
-22
Suppose 4*u - 2*u + 6 = 2*z, 5*u = 2*z - 24. Let t = 7 + u. Let f(v) be the first derivative of 2*v**4 - v**2/2 - 151. Calculate f(t).
7
Let f(c) = c**3 + 17*c**2 - 22*c - 23. Suppose x - 2394 + 2754 = -19*x. Give f(x).
49
Let c(v) = -v**3 + 2*v**2 + 9*v. Let n be c(4). Let m(h) = -5*h + 22. Let d be m(n). Let x(f) = 5*f**2 - 23*f**2 + 8*f**d + 8*f**2. What is x(-1)?
-2
Let n(c) be the second derivative of c**3/6 + c**2/2 + c. Suppose -249*d - 133*d - 2686 = 471*d - 9510. Give n(d).
9
Let c(g) = 0*g - 6 + 19 - 2*g. Let d(k) = k**3 - 28*k**2 - 88*k - 152. Let n be d(31). Calculate c(n).
7
Let q(r) = -r**2 + 5*r - 3. Let s(x) = -x**3 + 7*x**2 - 10*x + 19. Let v be s(5). Suppose 3*n + 5*m = 4*n - 8, 4*m = 5*n - v. Give q(n).
3
Suppose -12*s - 12 = -16*s. Let h be (-24)/(-3) - (s - -1). Let v(j) = -2*j + 2 + 6*j - 8 + 1. What is v(h)?
11
Let f(u) = -u + 9. Let k = -9625 + 9644. Determine f(k).
-10
Let f(t) = -t + 9. Let z be -26 - ((-12 - -11) + (-17 - -10)). Let b(h) be the first derivative of 3*h**2/2 + 60*h - 1. Let s be b(z). Determine f(s).
3
Let q(o) be the first derivative of o**3/3 - 67*o**2/2 + 908*o - 4915. Determine q(48).
-4
Let n(c) = 5*c**2 + 17*c - 54. Let p(u) = -2*u**2 - 6*u + 19. Let k(s) = 6*s - 24. Let y be k(5). Let r(m) = y*n(m) + 17*p(m). Calculate r(1).
-5
Let s = 567 - 578. Let v(b) = b**2 + 14*b + 23. What is v(s)?
-10
Let y = 11822 + -11823. Let l(o) = 2*o**2 + 21*o. Calculate l(y).
-19
Suppose -2*p - 53 - 21 = 6*s, 5*p - 43 = 4*s. Let k(l) = l**3 + 13*l**2 + 14*l + 24. Give k(s).
0
Let u(j) be the third derivative of -j**4/8 - j**3/6 - j**2 - 4. Suppose 0 = -5*d - 0*d - 2*n + 25, 15 = 3*n. Suppose -d*o = o - 4. Determine u(o).
-4
Let y(z) = 44*z**2 - 616*z - 7. Let o be y(14). Let l(n) = -3*n + 7*n**2 + n**3 - 4 - 7 - 6. Let u be l(o). Let x(p) = -p**2 + 2*p + 4. Give x(u).
-4
Let r(h) be the second derivative of 7*h**3/6 + h**2 + 4*h. Suppose 5*s = s + j + 4, -2*j = 3*s - 25. Calculate r(s).
23
Let k(n) = 17*n - 2. Let r(t) = -95*t + 11. Let o(m) = -33*k(m) - 6*r(m). Give o(1).
9
Let t(g) = 5*g**2 - 15*g - 26. Let f(b) = b**2 - 3*b - 5. Let p = 627 - 625. Let z(o) = p*t(o) - 11*f(o). Determine z(-1).
-1
Let r(c) = 2 - 4*c - 28930*c**2 - 4*c + 2 + 28931*c**2. Suppose -4*h - i + 5 = -13, 3*i - 14 = -4*h. Determine r(h).
-11
Let l(j) = j**3 + 4*j**2 - 1. Let k = -39 - -66. Suppose -3*t - k = 6*t. Let d(q) = -q**3 - 4*q**2 - q. Let g(p) = t*l(p) - 2*d(p). What is g(-4)?
-5
Let l(i) = i**2 + 6088*i**3 - 6087*i**3 - 2*i**2 - 14. Let a be (-1 - -2)/(0 - -1). Let y be 1 + a - (-1 + 3). Determine l(y).
-14
Let j(d) be the first derivative of -d**3/3 - 2*d**2 + 13*d + 7225. Let c(h) = h**3 + 2*h**2 - 2*h - 4. Let t be c(-3). What is j(t)?
-8
Let w(q) = -q + 3. Suppose 5*p - m + 4 = 0, -3*p - 5*m = -0*m - 20. Suppose -12*t + 15*t + 78 = p. Let s be (-3)/(-15) - t/(-5). Give w(s).
8
Suppose -59*r + 85 = -11*r + 37. Let m(k) = 20*k**2. Let y(g) = 459*g**2. Let a(h) = 68*m(h) - 3*y(h). Determine a(r).
-17
Let l(d) be the third derivative of d**6/120 + 7*d**5/30 + 3*d**4/8 - 17*d**3/3 - 523*d**2 + 2*d. Give l(-13).
18
Suppose -4*b - y + 413 = 0, 119 = 4*b - 3*b - 5*y. Let m = -107 + b. Let u(j) = -3*j - 4*j - 2 + 5*j. What is u(m)?
4
Let i(k) be the third derivative of k**6/360 + k**5/20 - 5*k**4/24 + 65*k**3/6 + 24*k**2. Let d(p) be the first derivative o